{"id":9,"date":"2022-04-12T22:58:21","date_gmt":"2022-04-12T20:58:21","guid":{"rendered":"http:\/\/photographie-alternative.fr\/?page_id=9"},"modified":"2022-04-13T17:05:07","modified_gmt":"2022-04-13T15:05:07","slug":"contact","status":"publish","type":"page","link":"https:\/\/photographie-alternative.fr\/?page_id=9","title":{"rendered":"Contact"},"content":{"rendered":"\n<p>Je me pr\u00e9sente, emmanuel MAURIS, je pratique la photographie depuis ma jeunesse, surtout de la photographie argentique, je teste les proc\u00e9d\u00e9s qui ont fait la photographie depuis la cr\u00e9ation.<\/p>\n\n\n\n<p><\/p>\n","protected":false},"excerpt":{"rendered":"<p>Je me pr\u00e9sente, emmanuel MAURIS, je pratique la photographie depuis ma jeunesse, surtout de la photographie argentique, je teste les proc\u00e9d\u00e9s qui ont fait la photographie depuis la cr\u00e9ation.<\/p>\n","protected":false},"author":1,"featured_media":122,"parent":0,"menu_order":0,"comment_status":"closed","ping_status":"closed","template":"","meta":{"footnotes":""},"class_list":["post-9","page","type-page","status-publish","has-post-thumbnail","hentry"],"featured_media_urls":{"thumbnail":["https:\/\/photographie-alternative.fr\/wp-content\/uploads\/2022\/04\/20220322_124158-1-150x150.jpg",150,150,true],"medium":["https:\/\/photographie-alternative.fr\/wp-content\/uploads\/2022\/04\/20220322_124158-1-225x300.jpg",225,300,true],"medium_large":["https:\/\/photographie-alternative.fr\/wp-content\/uploads\/2022\/04\/20220322_124158-1-768x1024.jpg",640,853,true],"large":["https:\/\/photographie-alternative.fr\/wp-content\/uploads\/2022\/04\/20220322_124158-1-768x1024.jpg",640,853,true],"1536x1536":["https:\/\/photographie-alternative.fr\/wp-content\/uploads\/2022\/04\/20220322_124158-1-1152x1536.jpg",1152,1536,true],"2048x2048":["https:\/\/photographie-alternative.fr\/wp-content\/uploads\/2022\/04\/20220322_124158-1-1536x2048.jpg",1536,2048,true],"post-thumbnail":["https:\/\/photographie-alternative.fr\/wp-content\/uploads\/2022\/04\/20220322_124158-1-203x270.jpg",203,270,true],"nisarg-full-width":["https:\/\/photographie-alternative.fr\/wp-content\/uploads\/2022\/04\/20220322_124158-1-1038x576.jpg",1038,576,true],"portfolio_item-thumbnail":["https:\/\/photographie-alternative.fr\/wp-content\/uploads\/2022\/04\/20220322_124158-1-600x400.jpg",600,400,true],"portfolio_item-thumbnail@2x":["https:\/\/photographie-alternative.fr\/wp-content\/uploads\/2022\/04\/20220322_124158-1-scaled.jpg",600,800,false],"portfolio_item-masonry":["https:\/\/photographie-alternative.fr\/wp-content\/uploads\/2022\/04\/20220322_124158-1-scaled.jpg",600,800,false],"portfolio_item-masonry@2x":["https:\/\/photographie-alternative.fr\/wp-content\/uploads\/2022\/04\/20220322_124158-1-scaled.jpg",1200,1600,false],"portfolio_item-thumbnail_cinema":["https:\/\/photographie-alternative.fr\/wp-content\/uploads\/2022\/04\/20220322_124158-1-scaled.jpg",251,335,false],"portfolio_item-thumbnail_portrait":["https:\/\/photographie-alternative.fr\/wp-content\/uploads\/2022\/04\/20220322_124158-1-scaled.jpg",600,800,false],"portfolio_item-thumbnail_portrait@2x":["https:\/\/photographie-alternative.fr\/wp-content\/uploads\/2022\/04\/20220322_124158-1-scaled.jpg",1200,1600,false],"portfolio_item-thumbnail_square":["https:\/\/photographie-alternative.fr\/wp-content\/uploads\/2022\/04\/20220322_124158-1-scaled.jpg",600,800,false]},"_links":{"self":[{"href":"https:\/\/photographie-alternative.fr\/index.php?rest_route=\/wp\/v2\/pages\/9","targetHints":{"allow":["GET"]}}],"collection":[{"href":"https:\/\/photographie-alternative.fr\/index.php?rest_route=\/wp\/v2\/pages"}],"about":[{"href":"https:\/\/photographie-alternative.fr\/index.php?rest_route=\/wp\/v2\/types\/page"}],"author":[{"embeddable":true,"href":"https:\/\/photographie-alternative.fr\/index.php?rest_route=\/wp\/v2\/users\/1"}],"replies":[{"embeddable":true,"href":"https:\/\/photographie-alternative.fr\/index.php?rest_route=%2Fwp%2Fv2%2Fcomments&post=9"}],"version-history":[{"count":2,"href":"https:\/\/photographie-alternative.fr\/index.php?rest_route=\/wp\/v2\/pages\/9\/revisions"}],"predecessor-version":[{"id":30,"href":"https:\/\/photographie-alternative.fr\/index.php?rest_route=\/wp\/v2\/pages\/9\/revisions\/30"}],"wp:featuredmedia":[{"embeddable":true,"href":"https:\/\/photographie-alternative.fr\/index.php?rest_route=\/wp\/v2\/media\/122"}],"wp:attachment":[{"href":"https:\/\/photographie-alternative.fr\/index.php?rest_route=%2Fwp%2Fv2%2Fmedia&parent=9"}],"curies":[{"name":"wp","href":"https:\/\/api.w.org\/{rel}","templated":true}]}}